re the prime factors of x?
2917
Suppose -58*u - 167*u + 2179125 = 0. List the prime factors of u.
5, 13, 149
Let g be (-120)/(-63) - 30/(-315). Suppose -v + 1563 = 2*b + 4*v, -5*b - g*v + 3939 = 0. What are the prime factors of b?
3, 263
Suppose 4*n = 4*o + 154288, 208*n - 209*n - o = -38562. List the prime factors of n.
38567
Let g be (-16 - -13)*(0 + -1). Suppose g*z + 1432 = 2*m + 292, 0 = -4*m + 5*z + 2282. List the prime factors of m.
3, 191
Suppose 80 = 4*g + 20. Suppose 2*c + g = -145. List the prime factors of -4 + c*(-4 + 3).
2, 19
Let i(r) = -r**3 - 5*r**2 + 6*r - 24. Let v be i(7). Let w = -116 - v. List the prime factors of w.
2, 227
Let p(d) = -d**3 + 5*d**2 - 4*d + 4. Let t be p(3). Suppose t*i - 16*i = -2112. What are the prime factors of i?
2, 11
Suppose 0 = -14*m + 99234 + 57191 + 32169. List the prime factors of m.
19, 709
What are the prime factors of (-48)/120 + (-800954)/(-10) - 3?
2, 20023
Suppose -16*m + 87791 = -41777. What are the prime factors of m?
2, 4049
Let r(h) = 4*h**3 - 68*h**2 + 72*h + 130. What are the prime factors of r(31)?
2, 3, 3121
Suppose -620548 = -154*j + 275732. List the prime factors of j.
2, 3, 5, 97
Suppose -14*b + 2*f = -18*b + 15040, -3*f + 18800 = 5*b. List the prime factors of b.
2, 5, 47
Let r = -39717 + 63153. List the prime factors of r.
2, 3, 7, 31
Suppose 475 = -12*i - 245. Let j be (-8)/i - (-2812)/60. Let f = j - -48. List the prime factors of f.
5, 19
Suppose -116*v = -344*v + 8063676. List the prime factors of v.
3, 11789
Suppose 5*s - m - 10446 = 0, 10047 - 3753 = 3*s - 5*m. List the prime factors of s.
2, 3, 29
Suppose 20*h - 683*h + 27083810 = -28287961. List the prime factors of h.
3, 7, 41, 97
Suppose 6*o - 116 = -500. Let r = -71 - o. Let z(u) = -11*u - 20. List the prime factors of z(r).
3, 19
Let t(g) = 16*g**3 - 8*g - 11. Let l be t(4). Let m = l + -512. List the prime factors of m.
7, 67
Suppose -6*m - 11025 = -13*m. Suppose -5*z + 4*l = -m - 346, -2*l = 2*z - 754. List the prime factors of z.
3, 127
Let a(n) = 2*n**2 - 2*n + 8. Let l be (924/16)/(-7) + (-2)/(-8). Let z be 2/(0 - -4)*(l - 4). List the prime factors of a(z).
2, 23
Let q be (-3 - (-84)/16) + 7/(-28). Suppose -u + 0*u + 4*n + 161 = 0, 2*u = q*n + 316. What are the prime factors of u?
157
Suppose -x = 5*u - 64, u + 8 = -0*u + 5*x. Let q(a) = 5*a + 26. What are the prime factors of q(u)?
2, 43
Let f(q) = 26*q - 3. Let m be f(2). Let l(h) = -h**3 - 20*h**2 + 564*h - 194. Let i be l(-36). Suppose -s + i = m. List the prime factors of s.
3, 7
Let u = 1016 + 350. What are the prime factors of u?
2, 683
Suppose -6*a + 417 = 273. What are the prime factors of (a/9)/(-1)*4779/(-18)?
2, 3, 59
Suppose -5*b - 3*w + 15 = 0, 0 = 2*w + 2*w - 20. Suppose -6*t + 23*t - 8245 = b. List the prime factors of t.
5, 97
Let o = -41 - -30. Let t be (664/o)/(-2) + 86/(-473). Suppose -y + t = 2*m + 2*y, -76 = -4*m - 2*y. List the prime factors of m.
3, 7
Suppose -h = -3*h - 2*y - 1008, 0 = 3*h + y + 1508. Let u = 782 + h. What are the prime factors of u?
2, 5, 7
Let f = 4143 + -4040. What are the prime factors of f?
103
Suppose 5*l - 8 = -2*y, 4*l - 5 = 4*y + 7. Let j(q) = -q**2 + 17*q + 24. Let f(v) = v. Let r(m) = l*f(m) - j(m). What are the prime factors of r(17)?
2, 5
Suppose -52*r + 414 = -29*r. Suppose 0 = 17*c - r*c + 1231. List the prime factors of c.
1231
Let o(y) = 8928*y**2 + 43*y - 7. What are the prime factors of o(-2)?
3, 31, 383
Suppose 5*p + 15 = 0, -2*a + 27 = a - 2*p. Suppose 1059 + 1839 = a*v. What are the prime factors of v?
2, 3, 23
Suppose -2083 = -k + 4*g, 91*k - 86*k + 3*g = 10346. List the prime factors of k.
19, 109
Let b be ((-18)/(-4))/(5/(-120)*-36). Let g(a) = a**2 - 3*a. Let m be g(4). Suppose -2*x + 66 = x - b*i, m*i = -x + 7. What are the prime factors of x?
19
List the prime factors of (-1 + 2355)*9/12*6/9.
11, 107
Let b(p) = 34*p - 52. Let l be b(22). Suppose 0 = 2*j + 3*k - l, 3*j - 4*j - 2*k + 350 = 0. Suppose -5*g - j = -7*g. What are the prime factors of g?
3, 19
Let f be 79/553 - ((-2630)/7)/2. Let a = 667 - f. List the prime factors of a.
479
Suppose 0 = -38*f - 65221 + 295995. List the prime factors of f.
6073
Let f(p) = -2061*p - 7236. What are the prime factors of f(-10)?
2, 3, 743
Let h = 740 + -1434. Let n = h - -1483. What are the prime factors of n?
3, 263
Let l = -165 + 84. Let a = 133 + l. Suppose p + p = 5*r - a, -2*p = 2. List the prime factors of r.
2, 5
Let n be 53 - 2 - (-2 + -1). Let z be (72/n)/((-2)/(-3)). Suppose -4*c + 11 = p, z*c = 2*p + c - 13. What are the prime factors of p?
7
Let x(s) = -4122*s - 5028. What are the prime factors of x(-14)?
2, 3, 5, 439
Let m = -134 - -146. Suppose -5962 = -3*z + m*k - 10*k, -4*k - 3972 = -2*z. List the prime factors of z.
2, 7, 71
Let q = -6328 - -18517. List the prime factors of q.
3, 17, 239
Suppose 2*r = -3*c + 8928, -36*c - r = -38*c + 5938. List the prime factors of c.
2, 743
Let q be (17*-4)/(-4) - (0 - 1). Suppose q = 5*l - 582. Let z = 207 - l. List the prime factors of z.
3, 29
Let w be 1929*((5 - -1) + -5). Let t = w + -1031. List the prime factors of t.
2, 449
Let i be ((-135)/25 + 7)/(4/10). Suppose 570 + 1646 = i*s. What are the prime factors of s?
2, 277
Let p = 180873 + -109201. List the prime factors of p.
2, 17, 31
Let p(v) = 3165*v + 717. What are the prime factors of p(7)?
2, 3, 953
Let v(h) = 3*h + 24. Let s be v(-7). Suppose 21*g - 17*g = -s*p + 997, -p = -3*g - 315. List the prime factors of p.
3, 109
Let t be (30128/42)/(2/12). Let c be (-7 - 27/(-4))/(1/(-68)). Suppose -w = -c*w + t. What are the prime factors of w?
269
Let p = -262 - -108. Let y = 72 + p. Let c = -38 - y. What are the prime factors of c?
2, 11
Suppose 5*j + 5819 = 4*i, 5*i - 6545 = 3*j + 732. Suppose 88*c + i = 104*c. What are the prime factors of c?
7, 13
Let v(o) = 3*o + 42. Let h be v(-6). Suppose 5*m - 157 = -3*l + 71, -2*l + 137 = 3*m. List the prime factors of ((-220)/(-16))/(2 - m/h).
2, 5, 11
Let o = 10578 - 3066. What are the prime factors of o?
2, 3, 313
Let u = -10946 + 18494. What are the prime factors of u?
2, 3, 17, 37
Let f = -320 + 324. Suppose -2*q = s - f*q - 61, -4*q = -3*s + 193. List the prime factors of s.
71
Let b(d) be the second derivative of 7/6*d**4 - 8*d + 0 - 1/20*d**5 + 7/2*d**2 - 3*d**3. List the prime factors of b(12).
79
Let f be 40/16*(-16)/(-10) + 0. Suppose -s = 4*i - 93 - 60, 3*i - 110 = f*s. List the prime factors of i.
2, 19
List the prime factors of 215394/8 - -4*18/96.
3, 5, 359
Suppose -38211 = -2*h - 12369. What are the prime factors of h?
3, 59, 73
Suppose 1363006 = 47*p - 862350. List the prime factors of p.
2, 7, 19, 89
Suppose 0 = 3*z - 5*b - 24338, -26*b = -2*z - 27*b + 16221. What are the prime factors of z?
8111
Let j(c) be the first derivative of 38*c**4 + c**2/2 - c - 69. Let b = 3 - 2. What are the prime factors of j(b)?
2, 19
Let a = 69 - 67. Suppose a*g = 2*y - 4*y + 33872, -2*y = 5*g - 33866. What are the prime factors of y/78 - ((-12)/(-26))/3?
7, 31
Let b(r) = r**3 + 47*r**2 - 16*r + 207. List the prime factors of b(-41).
10949
Let a = 3303 - -3418. What are the prime factors of a?
11, 13, 47
Suppose 0 = -5*g + 2 - 7. Let m be ((-5325)/18)/g + 2/12. Suppose 0 = 5*y, 4*t - y - m = 2*y. What are the prime factors of t?
2, 37
Suppose -37*y = -446 - 664. Suppose -y*r + 3220 + 20090 = 0. What are the prime factors of r?
3, 7, 37
Suppose -128*v + 3584 = -124*v. Suppose -3*j = 224 - v. List the prime factors of j.
2, 7
Let b(i) = 87*i**3 - 3*i**2 + 13*i + 6. List the prime factors of b(5).
7, 1553
Let r be (2 - 5)*(-31)/(-93). What are the prime factors of ((-56)/112)/((-1203)/1202 - r)?
601
Let m(j) = -2*j**2 + 17*j - 29. Let f be m(4). Let a(l) = 48*l - 51. What are the prime factors of a(f)?
3, 5, 19
Suppose -1484809 - 1065857 = -137*b. What are the prime factors of b?
2, 3, 29, 107
Let k(h) = -287*h**3 + 2*h**2 + 3*h - 5. Let f be k(1). Let j = f + 538. What are the prime factors of j?
251
Suppose 4*z + 36*a = 31*a - 5800, -4*a + 4319 = -3*z. Let u = -683 - z. List the prime factors of u.
2, 3, 127
Let w = 16791 + 11225. List the prime factors of w.
2, 17, 103
Let i = -377 - 32. Let w = -375 - i. What are the prime factors of w?
2, 17
Suppose -24 = -g - 18, 0 = -3*j - 2*g + 32937. What are 